{"id":3489,"date":"2025-09-14T19:13:40","date_gmt":"2025-09-14T19:13:40","guid":{"rendered":"https:\/\/tasarimlangirt.com\/?post_type=product&#038;p=3489"},"modified":"2025-09-14T19:13:40","modified_gmt":"2025-09-14T19:13:40","slug":"tasarim","status":"publish","type":"product","link":"https:\/\/tasarimlangirt.com\/index.php\/urun\/tasarim\/","title":{"rendered":"Tasar\u0131m Langirt Black Dizayn"},"content":{"rendered":"<p>Black dizayn lang\u0131rt masas\u0131 oyun kalitesi ve keyfi en \u00fcst d\u00fczeyde tutulmas\u0131 hedeflenerek tasarlanm\u0131\u015ft\u0131r<br \/>\nAh\u015faptan \u00fcretilip ithal ah\u015fap boya ile boyanm\u0131\u015ft\u0131r<br \/>\nAyaklar \u00e7elikten \u00fcretilip elektro statik boya ile boyanm\u0131\u015ft\u0131r<br \/>\nSaha zemini lamine kapl\u0131d\u0131r, saha kenar \u00e7\u0131talar\u0131 kromdan \u00fcretilmi\u015ftir<br \/>\nOyuncular ve elcikler krom ve black nikeldir<br \/>\nKaleler el yap\u0131m\u0131, el \u00f6rg\u00fcs\u00fc ham madde olarak \u00fcretilmi\u015ftir<br \/>\nOyun i\u00e7in kullan\u0131lan mantar toplar \u0130talya\u2019dan ithaldir, sessiz ve top hakimiyeti \u00e7ok y\u00fcksektir<br \/>\nD\u0131\u015f \u00f6l\u00e7\u00fc: 140 x 110 x 90 cm &#8211; Oyun alan\u0131: 70 x 119 cm<\/p>\n","protected":false},"excerpt":{"rendered":"<p>Black dizayn lang\u0131rt masas\u0131 oyun kalitesi ve keyfi en \u00fcst d\u00fczeyde tutulmas\u0131 hedeflenerek tasarlanm\u0131\u015ft\u0131r Ah\u015faptan \u00fcretilip ithal ah\u015fap boya ile boyanm\u0131\u015ft\u0131r Ayaklar \u00e7elikten \u00fcretilip elektro statik boya ile boyanm\u0131\u015ft\u0131r Saha zemini lamine kapl\u0131d\u0131r, saha kenar \u00e7\u0131talar\u0131 kromdan \u00fcretilmi\u015ftir Oyuncular ve elcikler krom ve black nikeldir Kaleler el yap\u0131m\u0131, el \u00f6rg\u00fcs\u00fc ham madde olarak \u00fcretilmi\u015ftir Oyun [&hellip;]<\/p>\n","protected":false},"featured_media":3490,"comment_status":"open","ping_status":"closed","template":"","meta":[],"product_brand":[],"product_cat":[24],"product_tag":[94,49,39],"class_list":{"0":"post-3489","1":"product","2":"type-product","3":"status-publish","4":"has-post-thumbnail","6":"product_cat-tasarim-langirt","7":"product_tag-design-football-table","8":"product_tag-ozel-tasarim-cam-langirt","9":"product_tag-tasarim-langirt","11":"first","12":"instock","13":"taxable","14":"shipping-taxable","15":"purchasable","16":"product-type-simple"},"yoast_head":"<!-- This site is optimized with the Yoast SEO plugin v27.4 - https:\/\/yoast.com\/product\/yoast-seo-wordpress\/ -->\n<title>Tasar\u0131m Langirt Black Dizayn - Tasarimlangirt.com, &ouml;zel tasar\u0131m lang\u0131rt, bilardo, satran&ccedil; ve masa tenisi masalar\u0131yla l&uuml;ks oyun deneyimi sunuyor. El i\u015f&ccedil;ili\u011fi ve y&uuml;ksek kaliteyle &uuml;retilen masalar\u0131m\u0131zla ya\u015fam alanlar\u0131n\u0131z\u0131 \u015f\u0131kl\u0131kla bulu\u015fturun.<\/title>\n<meta name=\"description\" content=\"Tasar\u0131m Lang\u0131rt ile modern ve estetik lang\u0131rt masalar\u0131 ke\u015ffedin. Cam, metal ve \u00f6zel tasar\u0131m oyun masalar\u0131yla evinize veya i\u015fletmenize \u015f\u0131kl\u0131k kat\u0131n. \u0130stanbul i\u00e7i h\u0131zl\u0131 teslimat ve ki\u015fiye \u00f6zel \u00fcretim f\u0131rsatlar\u0131yla e\u011flencenizi tasarlay\u0131n\" \/>\n<meta name=\"robots\" content=\"index, follow, max-snippet:-1, max-image-preview:large, max-video-preview:-1\" \/>\n<link rel=\"canonical\" href=\"https:\/\/tasarimlangirt.com\/index.php\/urun\/tasarim\/\" \/>\n<meta property=\"og:locale\" content=\"tr_TR\" \/>\n<meta property=\"og:type\" content=\"article\" \/>\n<meta property=\"og:title\" content=\"Tasar\u0131m Langirt Black Dizayn - Tasarimlangirt.com, &ouml;zel tasar\u0131m lang\u0131rt, bilardo, satran&ccedil; ve masa tenisi masalar\u0131yla l&uuml;ks oyun deneyimi sunuyor. El i\u015f&ccedil;ili\u011fi ve y&uuml;ksek kaliteyle &uuml;retilen masalar\u0131m\u0131zla ya\u015fam alanlar\u0131n\u0131z\u0131 \u015f\u0131kl\u0131kla bulu\u015fturun.\" \/>\n<meta property=\"og:description\" content=\"Tasar\u0131m Lang\u0131rt ile modern ve estetik lang\u0131rt masalar\u0131 ke\u015ffedin. Cam, metal ve \u00f6zel tasar\u0131m oyun masalar\u0131yla evinize veya i\u015fletmenize \u015f\u0131kl\u0131k kat\u0131n. \u0130stanbul i\u00e7i h\u0131zl\u0131 teslimat ve ki\u015fiye \u00f6zel \u00fcretim f\u0131rsatlar\u0131yla e\u011flencenizi tasarlay\u0131n\" \/>\n<meta property=\"og:url\" content=\"https:\/\/tasarimlangirt.com\/index.php\/urun\/tasarim\/\" \/>\n<meta property=\"og:site_name\" content=\"Tasarimlangirt.com, &ouml;zel tasar\u0131m lang\u0131rt, bilardo, satran&ccedil; ve masa tenisi masalar\u0131yla l&uuml;ks oyun deneyimi sunuyor. El i\u015f&ccedil;ili\u011fi ve y&uuml;ksek kaliteyle &uuml;retilen masalar\u0131m\u0131zla ya\u015fam alanlar\u0131n\u0131z\u0131 \u015f\u0131kl\u0131kla bulu\u015fturun.\" \/>\n<meta property=\"article:publisher\" content=\"https:\/\/www.facebook.com\/tasarimlangirt\/?locale=tr_TR\" \/>\n<meta property=\"og:image\" content=\"https:\/\/tasarimlangirt.com\/wp-content\/uploads\/2025\/09\/tasarim-langirt-5.jpg\" \/>\n\t<meta property=\"og:image:width\" content=\"1080\" \/>\n\t<meta property=\"og:image:height\" content=\"1080\" \/>\n\t<meta property=\"og:image:type\" content=\"image\/jpeg\" \/>\n<meta name=\"twitter:card\" content=\"summary_large_image\" \/>\n<meta name=\"twitter:site\" content=\"@tasarimlangirt\" \/>\n<meta name=\"twitter:label1\" content=\"Tahmini okuma s\u00fcresi\" \/>\n\t<meta name=\"twitter:data1\" content=\"1 dakika\" \/>\n<script type=\"application\/ld+json\" class=\"yoast-schema-graph\">{\"@context\":\"https:\\\/\\\/schema.org\",\"@graph\":[{\"@type\":\"WebPage\",\"@id\":\"https:\\\/\\\/tasarimlangirt.com\\\/index.php\\\/urun\\\/tasarim\\\/\",\"url\":\"https:\\\/\\\/tasarimlangirt.com\\\/index.php\\\/urun\\\/tasarim\\\/\",\"name\":\"Tasar\u0131m Langirt Black Dizayn - Tasarimlangirt.com, &ouml;zel tasar\u0131m lang\u0131rt, bilardo, satran&ccedil; ve masa tenisi masalar\u0131yla l&uuml;ks oyun deneyimi sunuyor. El i\u015f&ccedil;ili\u011fi ve y&uuml;ksek kaliteyle &uuml;retilen masalar\u0131m\u0131zla ya\u015fam alanlar\u0131n\u0131z\u0131 \u015f\u0131kl\u0131kla bulu\u015fturun.\",\"isPartOf\":{\"@id\":\"https:\\\/\\\/tasarimlangirt.com\\\/#website\"},\"primaryImageOfPage\":{\"@id\":\"https:\\\/\\\/tasarimlangirt.com\\\/index.php\\\/urun\\\/tasarim\\\/#primaryimage\"},\"image\":{\"@id\":\"https:\\\/\\\/tasarimlangirt.com\\\/index.php\\\/urun\\\/tasarim\\\/#primaryimage\"},\"thumbnailUrl\":\"https:\\\/\\\/tasarimlangirt.com\\\/wp-content\\\/uploads\\\/2025\\\/09\\\/tasarim-langirt-5.jpg\",\"datePublished\":\"2025-09-14T19:13:40+00:00\",\"description\":\"Tasar\u0131m Lang\u0131rt ile modern ve estetik lang\u0131rt masalar\u0131 ke\u015ffedin. Cam, metal ve \u00f6zel tasar\u0131m oyun masalar\u0131yla evinize veya i\u015fletmenize \u015f\u0131kl\u0131k kat\u0131n. \u0130stanbul i\u00e7i h\u0131zl\u0131 teslimat ve ki\u015fiye \u00f6zel \u00fcretim f\u0131rsatlar\u0131yla e\u011flencenizi tasarlay\u0131n\",\"breadcrumb\":{\"@id\":\"https:\\\/\\\/tasarimlangirt.com\\\/index.php\\\/urun\\\/tasarim\\\/#breadcrumb\"},\"inLanguage\":\"tr\",\"potentialAction\":[{\"@type\":\"ReadAction\",\"target\":[\"https:\\\/\\\/tasarimlangirt.com\\\/index.php\\\/urun\\\/tasarim\\\/\"]}]},{\"@type\":\"ImageObject\",\"inLanguage\":\"tr\",\"@id\":\"https:\\\/\\\/tasarimlangirt.com\\\/index.php\\\/urun\\\/tasarim\\\/#primaryimage\",\"url\":\"https:\\\/\\\/tasarimlangirt.com\\\/wp-content\\\/uploads\\\/2025\\\/09\\\/tasarim-langirt-5.jpg\",\"contentUrl\":\"https:\\\/\\\/tasarimlangirt.com\\\/wp-content\\\/uploads\\\/2025\\\/09\\\/tasarim-langirt-5.jpg\",\"width\":1080,\"height\":1080},{\"@type\":\"BreadcrumbList\",\"@id\":\"https:\\\/\\\/tasarimlangirt.com\\\/index.php\\\/urun\\\/tasarim\\\/#breadcrumb\",\"itemListElement\":[{\"@type\":\"ListItem\",\"position\":1,\"name\":\"Anasayfa\",\"item\":\"https:\\\/\\\/tasarimlangirt.com\\\/\"},{\"@type\":\"ListItem\",\"position\":2,\"name\":\"Shop\",\"item\":\"https:\\\/\\\/tasarimlangirt.com\\\/index.php\\\/shop\\\/\"},{\"@type\":\"ListItem\",\"position\":3,\"name\":\"Tasar\u0131m Langirt Black Dizayn\"}]},{\"@type\":\"WebSite\",\"@id\":\"https:\\\/\\\/tasarimlangirt.com\\\/#website\",\"url\":\"https:\\\/\\\/tasarimlangirt.com\\\/\",\"name\":\"www.tasarimlangirt.com\",\"description\":\"&ouml;zel tasar\u0131m lang\u0131rt \",\"publisher\":{\"@id\":\"https:\\\/\\\/tasarimlangirt.com\\\/#organization\"},\"potentialAction\":[{\"@type\":\"SearchAction\",\"target\":{\"@type\":\"EntryPoint\",\"urlTemplate\":\"https:\\\/\\\/tasarimlangirt.com\\\/?s={search_term_string}\"},\"query-input\":{\"@type\":\"PropertyValueSpecification\",\"valueRequired\":true,\"valueName\":\"search_term_string\"}}],\"inLanguage\":\"tr\"},{\"@type\":\"Organization\",\"@id\":\"https:\\\/\\\/tasarimlangirt.com\\\/#organization\",\"name\":\"t\",\"url\":\"https:\\\/\\\/tasarimlangirt.com\\\/\",\"logo\":{\"@type\":\"ImageObject\",\"inLanguage\":\"tr\",\"@id\":\"https:\\\/\\\/tasarimlangirt.com\\\/#\\\/schema\\\/logo\\\/image\\\/\",\"url\":\"https:\\\/\\\/tasarimlangirt.com\\\/wp-content\\\/uploads\\\/2025\\\/09\\\/ccc3a71f-dae2-4002-96e0-df7cc079e6f6.png\",\"contentUrl\":\"https:\\\/\\\/tasarimlangirt.com\\\/wp-content\\\/uploads\\\/2025\\\/09\\\/ccc3a71f-dae2-4002-96e0-df7cc079e6f6.png\",\"width\":1024,\"height\":1024,\"caption\":\"t\"},\"image\":{\"@id\":\"https:\\\/\\\/tasarimlangirt.com\\\/#\\\/schema\\\/logo\\\/image\\\/\"},\"sameAs\":[\"https:\\\/\\\/www.facebook.com\\\/tasarimlangirt\\\/?locale=tr_TR\",\"https:\\\/\\\/x.com\\\/tasarimlangirt\"]}]}<\/script>\n<!-- \/ Yoast SEO plugin. -->","yoast_head_json":{"title":"Tasar\u0131m Langirt Black Dizayn - Tasarimlangirt.com, &ouml;zel tasar\u0131m lang\u0131rt, bilardo, satran&ccedil; ve masa tenisi masalar\u0131yla l&uuml;ks oyun deneyimi sunuyor. El i\u015f&ccedil;ili\u011fi ve y&uuml;ksek kaliteyle &uuml;retilen masalar\u0131m\u0131zla ya\u015fam alanlar\u0131n\u0131z\u0131 \u015f\u0131kl\u0131kla bulu\u015fturun.","description":"Tasar\u0131m Lang\u0131rt ile modern ve estetik lang\u0131rt masalar\u0131 ke\u015ffedin. Cam, metal ve \u00f6zel tasar\u0131m oyun masalar\u0131yla evinize veya i\u015fletmenize \u015f\u0131kl\u0131k kat\u0131n. \u0130stanbul i\u00e7i h\u0131zl\u0131 teslimat ve ki\u015fiye \u00f6zel \u00fcretim f\u0131rsatlar\u0131yla e\u011flencenizi tasarlay\u0131n","robots":{"index":"index","follow":"follow","max-snippet":"max-snippet:-1","max-image-preview":"max-image-preview:large","max-video-preview":"max-video-preview:-1"},"canonical":"https:\/\/tasarimlangirt.com\/index.php\/urun\/tasarim\/","og_locale":"tr_TR","og_type":"article","og_title":"Tasar\u0131m Langirt Black Dizayn - Tasarimlangirt.com, &ouml;zel tasar\u0131m lang\u0131rt, bilardo, satran&ccedil; ve masa tenisi masalar\u0131yla l&uuml;ks oyun deneyimi sunuyor. El i\u015f&ccedil;ili\u011fi ve y&uuml;ksek kaliteyle &uuml;retilen masalar\u0131m\u0131zla ya\u015fam alanlar\u0131n\u0131z\u0131 \u015f\u0131kl\u0131kla bulu\u015fturun.","og_description":"Tasar\u0131m Lang\u0131rt ile modern ve estetik lang\u0131rt masalar\u0131 ke\u015ffedin. Cam, metal ve \u00f6zel tasar\u0131m oyun masalar\u0131yla evinize veya i\u015fletmenize \u015f\u0131kl\u0131k kat\u0131n. \u0130stanbul i\u00e7i h\u0131zl\u0131 teslimat ve ki\u015fiye \u00f6zel \u00fcretim f\u0131rsatlar\u0131yla e\u011flencenizi tasarlay\u0131n","og_url":"https:\/\/tasarimlangirt.com\/index.php\/urun\/tasarim\/","og_site_name":"Tasarimlangirt.com, &ouml;zel tasar\u0131m lang\u0131rt, bilardo, satran&ccedil; ve masa tenisi masalar\u0131yla l&uuml;ks oyun deneyimi sunuyor. El i\u015f&ccedil;ili\u011fi ve y&uuml;ksek kaliteyle &uuml;retilen masalar\u0131m\u0131zla ya\u015fam alanlar\u0131n\u0131z\u0131 \u015f\u0131kl\u0131kla bulu\u015fturun.","article_publisher":"https:\/\/www.facebook.com\/tasarimlangirt\/?locale=tr_TR","og_image":[{"width":1080,"height":1080,"url":"https:\/\/tasarimlangirt.com\/wp-content\/uploads\/2025\/09\/tasarim-langirt-5.jpg","type":"image\/jpeg"}],"twitter_card":"summary_large_image","twitter_site":"@tasarimlangirt","twitter_misc":{"Tahmini okuma s\u00fcresi":"1 dakika"},"schema":{"@context":"https:\/\/schema.org","@graph":[{"@type":"WebPage","@id":"https:\/\/tasarimlangirt.com\/index.php\/urun\/tasarim\/","url":"https:\/\/tasarimlangirt.com\/index.php\/urun\/tasarim\/","name":"Tasar\u0131m Langirt Black Dizayn - Tasarimlangirt.com, &ouml;zel tasar\u0131m lang\u0131rt, bilardo, satran&ccedil; ve masa tenisi masalar\u0131yla l&uuml;ks oyun deneyimi sunuyor. El i\u015f&ccedil;ili\u011fi ve y&uuml;ksek kaliteyle &uuml;retilen masalar\u0131m\u0131zla ya\u015fam alanlar\u0131n\u0131z\u0131 \u015f\u0131kl\u0131kla bulu\u015fturun.","isPartOf":{"@id":"https:\/\/tasarimlangirt.com\/#website"},"primaryImageOfPage":{"@id":"https:\/\/tasarimlangirt.com\/index.php\/urun\/tasarim\/#primaryimage"},"image":{"@id":"https:\/\/tasarimlangirt.com\/index.php\/urun\/tasarim\/#primaryimage"},"thumbnailUrl":"https:\/\/tasarimlangirt.com\/wp-content\/uploads\/2025\/09\/tasarim-langirt-5.jpg","datePublished":"2025-09-14T19:13:40+00:00","description":"Tasar\u0131m Lang\u0131rt ile modern ve estetik lang\u0131rt masalar\u0131 ke\u015ffedin. Cam, metal ve \u00f6zel tasar\u0131m oyun masalar\u0131yla evinize veya i\u015fletmenize \u015f\u0131kl\u0131k kat\u0131n. \u0130stanbul i\u00e7i h\u0131zl\u0131 teslimat ve ki\u015fiye \u00f6zel \u00fcretim f\u0131rsatlar\u0131yla e\u011flencenizi tasarlay\u0131n","breadcrumb":{"@id":"https:\/\/tasarimlangirt.com\/index.php\/urun\/tasarim\/#breadcrumb"},"inLanguage":"tr","potentialAction":[{"@type":"ReadAction","target":["https:\/\/tasarimlangirt.com\/index.php\/urun\/tasarim\/"]}]},{"@type":"ImageObject","inLanguage":"tr","@id":"https:\/\/tasarimlangirt.com\/index.php\/urun\/tasarim\/#primaryimage","url":"https:\/\/tasarimlangirt.com\/wp-content\/uploads\/2025\/09\/tasarim-langirt-5.jpg","contentUrl":"https:\/\/tasarimlangirt.com\/wp-content\/uploads\/2025\/09\/tasarim-langirt-5.jpg","width":1080,"height":1080},{"@type":"BreadcrumbList","@id":"https:\/\/tasarimlangirt.com\/index.php\/urun\/tasarim\/#breadcrumb","itemListElement":[{"@type":"ListItem","position":1,"name":"Anasayfa","item":"https:\/\/tasarimlangirt.com\/"},{"@type":"ListItem","position":2,"name":"Shop","item":"https:\/\/tasarimlangirt.com\/index.php\/shop\/"},{"@type":"ListItem","position":3,"name":"Tasar\u0131m Langirt Black Dizayn"}]},{"@type":"WebSite","@id":"https:\/\/tasarimlangirt.com\/#website","url":"https:\/\/tasarimlangirt.com\/","name":"www.tasarimlangirt.com","description":"&ouml;zel tasar\u0131m lang\u0131rt ","publisher":{"@id":"https:\/\/tasarimlangirt.com\/#organization"},"potentialAction":[{"@type":"SearchAction","target":{"@type":"EntryPoint","urlTemplate":"https:\/\/tasarimlangirt.com\/?s={search_term_string}"},"query-input":{"@type":"PropertyValueSpecification","valueRequired":true,"valueName":"search_term_string"}}],"inLanguage":"tr"},{"@type":"Organization","@id":"https:\/\/tasarimlangirt.com\/#organization","name":"t","url":"https:\/\/tasarimlangirt.com\/","logo":{"@type":"ImageObject","inLanguage":"tr","@id":"https:\/\/tasarimlangirt.com\/#\/schema\/logo\/image\/","url":"https:\/\/tasarimlangirt.com\/wp-content\/uploads\/2025\/09\/ccc3a71f-dae2-4002-96e0-df7cc079e6f6.png","contentUrl":"https:\/\/tasarimlangirt.com\/wp-content\/uploads\/2025\/09\/ccc3a71f-dae2-4002-96e0-df7cc079e6f6.png","width":1024,"height":1024,"caption":"t"},"image":{"@id":"https:\/\/tasarimlangirt.com\/#\/schema\/logo\/image\/"},"sameAs":["https:\/\/www.facebook.com\/tasarimlangirt\/?locale=tr_TR","https:\/\/x.com\/tasarimlangirt"]}]}},"jetpack_sharing_enabled":true,"_links":{"self":[{"href":"https:\/\/tasarimlangirt.com\/index.php\/wp-json\/wp\/v2\/product\/3489","targetHints":{"allow":["GET"]}}],"collection":[{"href":"https:\/\/tasarimlangirt.com\/index.php\/wp-json\/wp\/v2\/product"}],"about":[{"href":"https:\/\/tasarimlangirt.com\/index.php\/wp-json\/wp\/v2\/types\/product"}],"replies":[{"embeddable":true,"href":"https:\/\/tasarimlangirt.com\/index.php\/wp-json\/wp\/v2\/comments?post=3489"}],"wp:featuredmedia":[{"embeddable":true,"href":"https:\/\/tasarimlangirt.com\/index.php\/wp-json\/wp\/v2\/media\/3490"}],"wp:attachment":[{"href":"https:\/\/tasarimlangirt.com\/index.php\/wp-json\/wp\/v2\/media?parent=3489"}],"wp:term":[{"taxonomy":"product_brand","embeddable":true,"href":"https:\/\/tasarimlangirt.com\/index.php\/wp-json\/wp\/v2\/product_brand?post=3489"},{"taxonomy":"product_cat","embeddable":true,"href":"https:\/\/tasarimlangirt.com\/index.php\/wp-json\/wp\/v2\/product_cat?post=3489"},{"taxonomy":"product_tag","embeddable":true,"href":"https:\/\/tasarimlangirt.com\/index.php\/wp-json\/wp\/v2\/product_tag?post=3489"}],"curies":[{"name":"wp","href":"https:\/\/api.w.org\/{rel}","templated":true}]}}